e c(-4). Let g(h) = q*t(h) + 5*a(h). Determine g(-2).
7
Let h(x) be the second derivative of -x**3/6 - 2*x**2 + x. Suppose 2*w + 1 = -3. Let c be -1 - (-18)/(w + 5). Determine h(c).
-9
Suppose -m - 3*m = -16. Let a(i) = i**3 - 4*i**2 + i - 1. Determine a(m).
3
Suppose -4*r = -r - 3. Let g(j) = r - 2*j + 2 - 2 - 8*j**2 + j. What is g(1)?
-8
Suppose 4*b - 4 = -0. Suppose 0 = 5*z + 3*r - 14, 5*z - 2*r + r = 2. Let o(v) = -v + 2. Let n(u) = -u - 1. Let a(l) = b*o(l) + z*n(l). Calculate a(1).
-1
Let u(l) be the third derivative of l**4/12 + l**3/3 + 23*l**2. Calculate u(-2).
-2
Let l(z) be the third derivative of -1/3*z**3 + 0*z + 0 + 1/12*z**4 + 4*z**2. Determine l(4).
6
Let k(f) be the first derivative of f**3/3 - 2*f**2 + 3*f - 18. Determine k(3).
0
Let z(y) = -6*y - 21. Let s be z(-4). Let b(v) = v**3 - 3*v**2 + 4. What is b(s)?
4
Let y(h) = h**3 + 5*h**2 + 2*h + 1. Let z be (-186)/42 - (-4)/(-7). What is y(z)?
-9
Let z(a) = -2*a + 8*a**2 + 7 - 5 - 9*a**2. Give z(-3).
-1
Suppose 0 = -5*t - 12 - 3. Let q(p) = -4*p + 4. Let y(f) = -f. Let b(k) = -q(k) + 8*y(k). Give b(t).
8
Let d(g) be the second derivative of 0*g**4 + 11/20*g**5 - 1/6*g**3 + 0 + 0*g**2 + 3*g. Give d(-1).
-10
Let c(d) = -3*d - 2. Let m(u) = -10*u - 5. Let v(g) = -8*c(g) + 3*m(g). Calculate v(1).
-5
Let a = 1 - 1. Let x(h) = 2*h**2 + 5*h + 4. Let t(i) = 5*i**2 + 12*i + 9. Let u(f) = 3*t(f) - 7*x(f). What is u(a)?
-1
Let x(h) = 18*h**3 - 11*h**2 - 2*h + 11. Let t(c) = 8*c**3 - 5*c**2 - c + 5. Let d(g) = -13*t(g) + 6*x(g). What is d(-1)?
-5
Let y(s) = -9*s - 5. Let q(i) = 13*i + 8. Let b(d) = 5*q(d) + 7*y(d). What is b(-4)?
-3
Let h(z) = 2 - 6 + z**2 + z + 0 + 2. Give h(-2).
0
Let v(h) = -2*h - 3. Let n be (-1 - (2 - 1))*2. What is v(n)?
5
Let b = 4 - 1. Let d(x) = -x**3 - 6*x**2 - 6*x + x**3 + 2 - x**2 - x**b. What is d(-6)?
2
Let h(g) = g - 15. Let a(d) = 2*d - 31. Let c(r) = 2*a(r) - 5*h(r). Calculate c(0).
13
Suppose 0 = -2*z + 3*h + 12, -4*h - 15 = -2*z + 1. Let n(j) = -j**2 - j - 5. Give n(z).
-5
Let m be 2/(-3) - (-2)/3. Let r(y) be the third derivative of -y**6/120 + y**4/24 - y**3/2 - 13*y**2. What is r(m)?
-3
Suppose 0 + 5 = -4*a - o, 4*a - 2*o - 10 = 0. Let y = -4 - -9. Suppose a = y*i - 0*i. Let f(t) = -t**3 - t**2 + t + 8. Calculate f(i).
8
Let v(w) = 3*w - 6. Let a be v(4). Suppose -o - 8 = 3*r, -3*o + 2*o = -4*r - a. Let h(d) be the first derivative of d**4/4 + d**3 + d**2/2 + 3. Determine h(o).
2
Let x be 0 - (6 + 36)/6. Let w(v) = -v**3 - 8*v**2 - 8*v + 3. What is w(x)?
10
Let p = -207 - -203. Let z(x) = 3*x + 1. Determine z(p).
-11
Let f(y) = 6*y**2 - 1. Let q be (-6)/(-27) - (-212)/18. Suppose -3*j = -5*m + q, 0*j - 4*m = 2*j + 8. Let a = j + 5. Determine f(a).
5
Let h(i) = -2*i**2 + i. Let o(r) = r**2 - 18*r + 19. Let s be o(17). Calculate h(s).
-6
Let c(j) be the second derivative of j**4/12 + j**3/3 - j**2 + 12*j. Let i(d) = -d**2 - 3*d + 1. Let u be i(-4). Calculate c(u).
1
Let m be 0 - 1*(1 + 2). Let p = 7 + m. Let a(h) be the second derivative of -h**5/20 + h**4/4 + h**3/3 + 5*h**2/2 + h. What is a(p)?
-3
Suppose -z + 4 + 4 = 0. Let x(c) = c - 3. Let p be x(z). Let o(v) = -v**2 + 4*v + 5. Determine o(p).
0
Let w(o) = -6 + o - 1 + 2*o. Calculate w(6).
11
Let b be -1 + 1/(4/(-16)). Let z(k) = -2*k - 7. Let p(t) = t + 4. Let v(m) = b*p(m) - 2*z(m). Determine v(-6).
0
Let x(c) be the third derivative of c**7/840 + c**6/72 + c**5/120 + c**4/24 - c**3/3 - 3*c**2. Let g(w) be the first derivative of x(w). Give g(-5).
-4
Let p(n) = -3*n + 5. Let b(x) = -2*x + 4. Let g = 7 + -11. Let l(a) = g*b(a) + 3*p(a). Let r be (-1)/3 + (-5)/3. Calculate l(r).
1
Let d(b) be the third derivative of -b**5/60 + 11*b**4/24 - 4*b**3/3 - 20*b**2. Calculate d(10).
2
Suppose -p - 12 = 3*b, -6*b + 10*b - 3*p = -16. Let k(r) = -r - 6. Determine k(b).
-2
Let k(m) = 2*m - 4. Let c be k(3). Let v be -1*-2*9/c. Suppose 0 = -3*p + v + 6. Let q(x) = -3*x + 5. What is q(p)?
-10
Let z(m) = m**2 + m**2 + m**2. Let d(x) = x**2 + x + 4. Let o be d(0). Suppose 0 = -0*i + o*i - 4. Give z(i).
3
Let k(o) = -o**2 - o - 3. Let a(q) = q**3 - 10*q**2 - 13*q + 18. Let z be a(11). Determine k(z).
-15
Let v(k) = -6*k + 1. Suppose -x - 5 = -4*o, 2 = -2*o + 4*o. Determine v(x).
7
Let l(j) = -5*j + 5. Let x(d) = -d. Let s(a) = l(a) - 4*x(a). What is s(6)?
-1
Let n(k) = 4*k**2 - 3*k + 2. Let l(f) = -5*f**2 + 3*f - 3. Let d(x) = -2*l(x) - 3*n(x). What is d(2)?
-2
Suppose -5*t = 3*y - 2, -2*t - 3*y + 2 = 3. Let w(v) = v + 4 + 0*v + t. Give w(-5).
0
Let n(q) be the third derivative of 0*q - 1/3*q**4 + 0 + 0*q**3 + q**2. Determine n(-1).
8
Let a(w) = -w**2 - 4*w - w - w - 2. Let d(m) = -m**2 + 1. Suppose -q - x = 0, -4 = 2*q + 5*x + 2. Let s be d(q). Determine a(s).
7
Let l(o) = o**2 - 3*o + 2. Suppose 0 = -4*a, 4*q + 2*a - 3*a - 16 = 0. What is l(q)?
6
Suppose 7*r = 2*r + 10. Suppose -2*x + 2 + r = 0. Let v(a) = -3*a**2 + 2*a + 1. Calculate v(x).
-7
Let f(q) = -2*q + 6. Let i(z) be the third derivative of z**6/40 + z**5/60 + 4*z**2. Let j be i(1). Calculate f(j).
-2
Let u be 6/((-6)/117*-3). Let t = u - 22. Let x(h) = 14*h - 11. Let k(g) = -5*g + 4. Let o(w) = t*k(w) + 6*x(w). What is o(0)?
2
Let m(i) = 3 - 6*i - i**2 + 2*i**2 - 8. Calculate m(5).
-10
Let k(f) = 2*f**2 + 2*f - 2. Let o be k(-2). Let l(a) = -a + 11. Let g(x) = -2*x + 12. Let d(c) = o*g(c) - 3*l(c). Calculate d(-4).
-5
Suppose 3*j + 4*s = 14, -2*j - 2*s = -7*j - 20. Let z(c) be the second derivative of -c**3/6 + c**2 + c. Give z(j).
4
Let h be (5/3)/((-4)/12). Let z(l) be the first derivative of 1 - 1/3*l**3 + 2*l - 3*l**2. Determine z(h).
7
Let s(u) = 1. Let l(h) = h + 3. Let q(w) = -l(w) - s(w). Determine q(0).
-4
Let v(t) = -12*t**2 + 1. Suppose 8 = 3*s - x, 0*x = 3*x + 15. Give v(s).
-11
Let x(b) be the second derivative of b**5/20 + 3*b**4/4 - 5*b**3/3 - 9*b**2/2 + 2*b + 40. Calculate x(-10).
-9
Let b(j) = j - 10. Let c be b(10). Let w(u) be the second derivative of u**3/6 + 4*u**2 + 13*u. What is w(c)?
8
Let y(z) = -5*z**3 - z + 1. Let k = 37 - 36. Give y(k).
-5
Let t = 9 - 5. Let p(v) = -1 + 2*v - 1 - 5*v**2 - 7*v**3 + 4 + 8*v**3. What is p(t)?
-6
Suppose 0 = 3*m + 3*p + 2*p - 4, m - 3*p = 20. Let i(f) = -f**3 + 9*f**2 - 7*f - 7. Let w be i(m). Let s(r) = -r - r + 0 - w. Determine s(1).
-3
Suppose 0 = -5*k + 3*x - 8, -2*k + 9*x + 12 = 4*x. Let f(p) = p**2 + p - 6. Let j be f(k). Let o(s) = -s. What is o(j)?
-6
Suppose -5*w + 0*i - 7 = i, 0 = 2*w - i. Let a = -3 + w. Let t(p) = -p**2 - 4*p - 5. Give t(a).
-5
Suppose -g = 4*g - 30. Let d(p) = 2*p - 19. Let x(w) = -3*w + 29. Let s(q) = -8*d(q) - 5*x(q). What is s(g)?
1
Let r(u) = -4 + u + 3 - 1. Let n(h) = 2*h**2 - 3*h + 1. Suppose -b = -4*d + 3, -2*d + 5*b = -5*d + 31. Let f be n(d). Give r(f).
1
Let z(d) = -2*d**2 - 25*d + 8. Let c be z(-13). Let j(l) = 0*l**3 + 4*l**2 - 7*l - 4 - 2 + l**3. Calculate j(c).
4
Let q = 24 + -15. Let l be (-2)/(-4) - q/(-6). Let b(p) = 0*p**2 - p**l - 4*p + 2*p + 1. Determine b(2).
-7
Let j be 4/(-6)*6/(-4). Let m(r) be the second derivative of -2*r + 5/12*r**4 + 0*r**3 - 1/2*r**2 + 0. Determine m(j).
4
Let u = -8 + 10. Let h(w) = -4*w - 2. Give h(u).
-10
Let y(w) be the third derivative of -5*w**4/24 - w**3/6 - 3*w**2. What is y(-1)?
4
Suppose 25 = 3*c + 4. Let b = -12 - -6. Let n = c + b. Let g(p) = 7*p**3 - 2*p**2 + 2*p - 1. Calculate g(n).
6
Let t(n) = n**3 - 3*n**2 - n + 1. Let v = 21 + -18. Give t(v).
-2
Let z(i) be the third derivative of -i**5/60 - i**4/8 - i**3/6 - 4*i**2. Let u(p) = -3*p**2 + p**2 + 4 - 2*p - p**3 - 3*p**2. Let m be u(-4). What is z(m)?
-5
Let d(m) = 4*m + 1 + 0*m - 5*m + 8*m. Determine d(-1).
-6
Let u(h) = h. Let p(t) = -6*t - 5. Let v(k) = p(k) + 5*u(k). Determine v(-7).
2
Let b(t) = -t + 5. Let l = 5 + -5. Let z be 0*(l - 4/12). What is b(z)?
5
Let n be (6 + 0/1)*(-8)/6. Let u(s) = 2*s + 12. What is u(n)?
-4
Let p(q) = -q**2 + 3*q - 1. Let k be p(3). Let b(i) = -22*i + 3. Let u(w) = -3*w + 1. Let h(x) = b(x) - 2*u(x). Give h(k).
17
Suppose -4*u + 2*f = -6, -3*f + 7 = -2*u + 4*u. Suppose -1 = -u*z - 5. Let s be (8 + 2)*z/4. Let n(x) = -x**2 - 6*x - 6. Give n(s).
-1
Let z = 4 - 1. Let r be (z/2)/(6/56). Suppose 2*f + 0*p - p = -1, p = -3*f - r. Let h(l) = l**3 + 4*l**2 + 4*l - 1. Determine h(f).
-4
Let q(h) = -h + 6. Let b(n) = -2*n +